st the prime factors of a.
3, 11
Let r(v) = -21*v + 38. Let z(c) = -64*c + 114. Let j(i) = -16*r(i) + 5*z(i). List the prime factors of j(7).
2, 37
Let s(j) = j + 3. Let i be s(12). Suppose -6*z + i*z = 549. List the prime factors of z.
61
Suppose 21*g - 35*g = -12698. What are the prime factors of g?
907
Let i(o) be the third derivative of -o**6/120 + o**5/12 - o**4/8 - o**3/6 - 5*o**2. Let x be i(4). What are the prime factors of (2 + x)*22/5?
2, 11
Suppose 3*q - 6 - 10 = -4*d, -12 = -3*d + q. Let m(b) = -b + 1. Let y be m(d). List the prime factors of 6/((-6)/(-35)) - y.
2, 19
Let z(f) = 13*f - 6. Let i(m) = -6*m + 3. Let s(r) = -9*i(r) - 4*z(r). Let t be s(3). List the prime factors of (3/6)/(t/162).
3
Suppose -2*h - 9*j + 3380 = -10*j, 4*h + j = 6754. What are the prime factors of h?
3, 563
Suppose -9 = -7*q + 12. Suppose 3*u + 311 = 2*c - 211, 1044 = 4*c - 4*u. What are the prime factors of (2/q)/(6/c)?
29
Suppose 6*v - v - 35 = w, 97 = -5*w - v. What are the prime factors of 4 + (-1695)/w - 1/(-4)?
89
Let w be (4 - -48*1)*84. Suppose -4*z + w = 12*z. What are the prime factors of z?
3, 7, 13
Let c = 12 - 18. Let i be 0 - c - (-2 + 4). Suppose 0 = 2*n - 4*d - 78, i*d = -4*n + d + 112. List the prime factors of n.
31
Let s(u) = 2*u**2 + 6*u - 5. Let x(l) = 0 + 11*l**2 - 9*l - 10*l**2 + 8. Let c be x(7). What are the prime factors of s(c)?
31
Suppose 0 = -0*i - i + 3. Suppose -i*k = k - 176. List the prime factors of k.
2, 11
Let k = 2892 + -584. What are the prime factors of k?
2, 577
Let t be 5 - (9 + -4) - -44. Let d(j) = j**2 - 6*j + 2. Let q be d(6). Suppose f - q = t. What are the prime factors of f?
2, 23
Suppose 5*v + 5*c = 3*c + 2725, -5*c = 0. Suppose 0*r + 5*r = v. What are the prime factors of r?
109
Let i = 16 + -23. Let x(q) be the first derivative of -2*q**2 + 13*q + 26. What are the prime factors of x(i)?
41
Let h(n) = -15*n - 5. Let l = 69 + -77. What are the prime factors of h(l)?
5, 23
Let c(j) = j**3 + 4*j - 9. Let b be c(3). Let w = b + 73. List the prime factors of w.
103
Suppose 0 = 16*g - 24*g + 21384. What are the prime factors of g?
3, 11
Let q(z) = z**3 - 5*z**2 + 4*z + 3. Let m be q(4). Let c = 2 - -1. Suppose 0 = d + d + 3*j, -c*d + 3 = m*j. What are the prime factors of d?
3
Suppose 3*a + 3*p + 2*p - 93 = 0, 5*a - p = 127. Suppose -g + 68 = -4*x, -g = 3*x - 80 + a. List the prime factors of g.
2, 3, 5
Let p(u) = -6*u**2 + 3*u**2 - u**2 + 5*u**3 + 1 - u**2 + 5*u. What are the prime factors of p(2)?
31
Let v(o) = 163*o + 411. List the prime factors of v(11).
2, 19, 29
Let c(o) = -12*o - 13. Let a(n) = 2*n**2 + 18*n - 24. Let i be a(-10). List the prime factors of c(i).
5, 7
Let j(t) = -t**3 + 4*t**2 + 8*t - 29. Let h be j(6). Let d = 94 - 15. Let l = d + h. What are the prime factors of l?
2, 13
Suppose -5*g - 16311 = -5*o - 5211, 5*o = 2*g + 11094. List the prime factors of o.
2, 1109
Let x(w) = w**3 + 11*w**2 - 3*w - 6. Let a be x(-11). Let t = a + -5. What are the prime factors of t?
2, 11
Let t = -7 + 3. Let p = t - -7. Suppose 4*s = -p*y + 212, -426 = -4*y - s - 126. What are the prime factors of y?
2, 19
List the prime factors of 7/(-2)*(-1032)/21.
2, 43
Let j(k) = 49*k**2 + 2*k - 46. List the prime factors of j(-7).
2341
Let v = -82 - -137. Let k be 187/v + 2/(-5). Suppose -26 - 52 = -k*h. What are the prime factors of h?
2, 13
Let t be ((-1 - 7)/(-4))/(-1). Let i(b) = -25*b - 3. List the prime factors of i(t).
47
Let g(m) = 6*m**2 - 2*m - 2. Let k be (-1)/4 + (-24)/32. List the prime factors of g(k).
2, 3
Suppose 19*p - 71726 = -10489. List the prime factors of p.
11, 293
Let h be (-5 - -3) + (2 - -20). Suppose -h*y + 16*y + 288 = 0. Suppose -d - 4*g + y = 0, 3*d = -d - 2*g + 232. List the prime factors of d.
2, 7
Let g be 1/(2488/830 - 3). Let v = g + 626. Suppose 5*q - v = -66. What are the prime factors of q?
29
Suppose -5*v = 5*j - 0*j - 35, -3*v + 18 = 2*j. Suppose -2*o - 62 = -6*q + v*q, 5*q + 3*o = 163. What are the prime factors of q?
2
Let o(n) = -n**3 + 5*n**2 - 5*n + 7. Let x be o(4). List the prime factors of -20*((-11)/20)/(x/24).
2, 11
Suppose -21*w + 29*w = 400. Let n = -10 - -1. Let l = w + n. What are the prime factors of l?
41
Suppose -17*n + 27*n = 3140. List the prime factors of n.
2, 157
Suppose -2 = l, 2*t + 0*t - 32 = 3*l. Let p(s) = 55*s + 7. Let z(n) = -109*n - 15. Let o(f) = t*p(f) + 6*z(f). List the prime factors of o(1).
2, 31
Let f(k) = k**2 + k - 9. Let i be f(-4). Let x(v) = -v**2 + 2*v + 5. What are the prime factors of x(i)?
2
Suppose 9*h - 6*h + 7657 = 5*v, -v - 2*h + 1534 = 0. What are the prime factors of v?
2, 383
Let k(q) = 98*q**2 - q + 2. What are the prime factors of k(1)?
3, 11
Suppose 0*u + 2*u - 6 = 0. Suppose -b + 62 = 3*d, 5*d + u*b - b - 105 = 0. What are the prime factors of d?
19
Let b be -32 + 35 + (1 - (-5)/(-1)). List the prime factors of 39 + b - 2*2.
2, 17
Let a(r) = -6*r**2 + 14*r**2 - 26 - 7*r**2 + r. What are the prime factors of a(8)?
2, 23
Let r(m) = m**3 - m**2 + m - 1. Let t(d) = 3*d**3 - 3*d**2 + 5*d - 4. Let a(s) = 4*r(s) - t(s). Let o be a(2). Let p = 9 + o. List the prime factors of p.
11
Let p be (-7 - -1)*(-1)/2. Suppose -r + p*r - 14 = 0. Suppose 2*v - r*v = -55. List the prime factors of v.
11
Suppose 2*j - 5*j = 0. Let m be -2*2*(-22)/8. Let i = m + j. List the prime factors of i.
11
Let k(m) = -35*m + 49. Let a(w) = -54*w + 73. Let r(b) = 5*a(b) - 8*k(b). Let q = 10 - 1. What are the prime factors of r(q)?
3, 7
Let i(o) = -o**2 + 4*o + 2. Let m be i(4). List the prime factors of -3*m*59/(-6).
59
List the prime factors of 1/(-2) - (-187033)/154.
2, 607
Suppose 24 = 2*o + 4. Suppose o*a = 9*a + 3. What are the prime factors of (a/(-3) - 3) + 43?
3, 13
Suppose -14 = -3*m + 46. What are the prime factors of m*(-12)/45*-3?
2
Suppose -2 = -3*q + 13, q - 5597 = -3*p. List the prime factors of p/20 + (-2)/10.
3, 31
Let o(f) = f**3 - 5*f**2 + 5*f. Let a be o(4). Let b(m) = 24*m + 12. Let t be b(4). Suppose -a*y = -y - t. List the prime factors of y.
2, 3
What are the prime factors of (-18249)/(-49) + 36/14 + -2?
373
Suppose 4 = -q + 3*c - 2*c, 3*q + 16 = -c. Let f be (-3 - q) + -2 - 6. Let m(h) = h**3 + 9*h**2 + 11*h + 1. List the prime factors of m(f).
43
Let x(w) = -2*w**3 + 2*w**2 - 5*w + 1. Let s be x(2). Suppose 0 = -4*u - 3*q + 129, 0*u - 2*u - 4*q = -52. Let p = u + s. What are the prime factors of p?
19
Suppose -2269 = 4*b + 4*p - 7529, 4*b - 2*p - 5242 = 0. What are the prime factors of b?
2, 41
Suppose 7*o = 9*o - 4. Suppose h + o*h = 345. Suppose 0 = p + 40 - h. List the prime factors of p.
3, 5
Suppose -10*g + 14083 = 5333. List the prime factors of g.
5, 7
Suppose 0 = -9*v + 943 + 1973. List the prime factors of v.
2, 3
Let l be 222/16 + (-9)/(-72). Suppose -l = -3*c - 5*k + 99, k - 181 = -5*c. List the prime factors of 20/(-6)*c/(-8).
3, 5
Let w be (-2)/6*81/9. Let v be 15/9 + w/(-9). Suppose -v*o = 3*o - 55. What are the prime factors of o?
11
What are the prime factors of (-3*1)/(39938/(-3072) - -13)?
2, 3
Let j be 1848/15 - 2/10. List the prime factors of ((-4)/(-6))/(2/j).
41
Let a(g) = -g**2 - 18*g + 3. Let b be a(-18). Suppose h = 3*d + 72, 8 - 249 = -b*h + 4*d. List the prime factors of h.
3, 29
Let r be -3 + 5 - -6 - (-8)/(-2). Suppose 0 = 3*k + 5*p - 29 - 28, -4*k + 76 = r*p. What are the prime factors of k?
19
Let t(z) = -z + 2. Let g be t(-1). Suppose -4*d + 4 = 2*n - 12, 4*d - 20 = -g*n. Suppose -s + n*s = 87. What are the prime factors of s?
29
Let k(p) = 162*p + 153. List the prime factors of k(15).
3, 7, 41
Let g(p) = 42*p**3 + 2*p**2 - 8*p + 11. What are the prime factors of g(3)?
17, 67
Suppose 5*a + 0*z + 2*z = -345, -2*a + z = 138. Let x = a - -119. What are the prime factors of x?
2, 5
Let g = 15 + -5. What are the prime factors of ((-15)/g)/((-3)/74)?
37
Suppose 5*n - 5*q + 70 = -0*n, 0 = 2*n + q + 31. Let j be (51/(-5))/(3/n). Suppose -5*u - h = 2*h - 81, -3*u = 3*h - j. What are the prime factors of u?
3, 5
Suppose 5*c - 1801 - 3046 = -f, 2*c + 3*f = 1931. What are the prime factors of c?
2, 5, 97
Suppose -31*z + 21*z = -5680. List the prime factors of z.
2, 71
Let n(u) = 47*u + 38. What are the prime factors of n(15)?
743
Suppose 9*u + 2 = 8*u. Let q = 65 - u. List the prime factors of q.
67
Let k(y) 